{"id":22,"date":"2019-04-14T07:19:02","date_gmt":"2019-04-14T07:19:02","guid":{"rendered":"http:\/\/stratos-swiss.com\/company\/?page_id=22"},"modified":"2023-09-17T08:06:48","modified_gmt":"2023-09-17T08:06:48","slug":"consultation","status":"publish","type":"page","link":"https:\/\/stratos-swiss.com\/company\/index.php\/consultation\/","title":{"rendered":"Consultation"},"content":{"rendered":"\n<p><h3><strong>Consultation<\/strong><\/h3><\/p>\n\n\n\n<p>Aside from our core business we are always on the lookout for new opportunities to expand our business and are willing to share our experience and our infrastructure for the trading of other products. If you are therefore looking for new markets for an established business and are in need of an experienced partner, please feel free to contact us in order to discuss if there is potential for cooperation.<\/p>\n\n\n\n<p>Especially in terms of doing business in China we not only have long standing practical experience but many of our team members have also extensively dealt with a variety of &#8222;China-topics&#8220; in an academic context. On request we will be pleased to provide tailor made consulting services to facilitate a manifold understanding of the Chinese business environment or other China related issues.<\/p>\n\n\n\n<p><br><\/p>\n\n\n\n<p><h3><strong>Beratung<\/strong><\/h3><\/p><br>\n<p>Abseits unseres Kerngesch\u00e4fts sind wir immer auf der Suche nach neuen M\u00f6glichkeiten zur Erweiterung unseres Gesch\u00e4fts und sind bereit, unsere Erfahrung und unsere Infrastruktur f\u00fcr den Handel mit anderen Produkten zu teilen. Wenn Sie daher auf der Suche nach neuen M\u00e4rkten f\u00fcr ein etabliertes Unternehmen sind und auf der Suche nach einem erfahrenen Partner sind, nehmen Sie gerne Kontakt zu uns auf, um m\u00f6gliche Kooperationspotenziale zu besprechen.<\/p>\n\n\n\n<p>Insbesondere im Hinblick auf die Gesch\u00e4ftst\u00e4tigkeit in China verf\u00fcgen wir nicht nur \u00fcber langj\u00e4hrige praktische Erfahrung, sondern viele unserer Teammitglieder haben sich auch im akademischen Kontext ausf\u00fchrlich mit den unterschiedlichsten \u201eChina-Themen\u201c auseinandergesetzt. Auf Anfrage bieten wir Ihnen gerne ma\u00dfgeschneiderte Beratungsleistungen an, um ein umfassendes Verst\u00e4ndnis des chinesischen Gesch\u00e4ftsumfelds oder anderer China-bezogener Themen zu erm\u00f6glichen.<\/p>\n\n\n\n<h2 class=\"wp-block-heading\">\u54a8\u8be2<\/h2>\n\n\n\n<p>\u9664\u4e86\u6211\u4eec\u7684\u6838\u5fc3\u4e1a\u52a1\uff0c\u6211\u4eec\u4e00\u76f4\u5728\u5bfb\u627e\u65b0\u7684\u673a\u4f1a\u6765\u6269\u5927\u6211\u4eec\u7684\u4e1a\u52a1\uff0c\u5e76\u613f\u610f\u5206\u4eab\u6211\u4eec\u7684\u7ecf\u9a8c\u548c\u5176\u4ed6\u4ea7\u54c1\u4ea4\u6613\u7684\u57fa\u7840\u8bbe\u65bd\u3002\u56e0\u6b64\uff0c\u5982\u679c\u60a8\u6b63\u5728\u4e3a\u5df2\u5efa\u7acb\u7684\u4e1a\u52a1\u5bfb\u627e\u65b0\u5e02\u573a\uff0c\u5e76\u4e14\u9700\u8981\u7ecf\u9a8c\u4e30\u5bcc\u7684\u5408\u4f5c\u4f19\u4f34\uff0c\u8bf7\u968f\u65f6\u4e0e\u6211\u4eec\u8054\u7cfb\uff0c\u8ba8\u8bba\u662f\u5426\u6709\u5408\u4f5c\u6f5c\u529b\u3002<br>\u7279\u522b\u662f\u5728\u4e2d\u56fd\u5f00\u5c55\u4e1a\u52a1\u65b9\u9762\uff0c\u6211\u4eec\u4e0d\u4ec5\u62e5\u6709\u957f\u671f\u7684\u5b9e\u8df5\u7ecf\u9a8c\uff0c\u800c\u4e14\u6211\u4eec\u7684\u8bb8\u591a\u56e2\u961f\u6210\u5458\u4e5f\u5728\u5b66\u672f\u80cc\u666f\u4e0b\u5e7f\u6cdb\u5904\u7406\u4e86\u5404\u79cd\u201c\u4e2d\u56fd\u4e3b\u9898\u201d\u3002\u5982\u6709\u8981\u6c42\uff0c\u6211\u4eec\u5c06\u5f88\u4e50\u610f\u63d0\u4f9b\u91cf\u8eab\u5b9a\u5236\u7684\u54a8\u8be2\u670d\u52a1\uff0c\u4ee5\u4fc3\u8fdb\u5bf9\u4e2d\u56fd\u5546\u4e1a\u73af\u5883\u6216\u5176\u4ed6\u4e2d\u56fd\u76f8\u5173\u95ee\u9898\u7684\u591a\u65b9\u9762\u7406\u89e3\u3002<\/p>\n","protected":false},"excerpt":{"rendered":"<p>Consultation Aside from our core business we are always on the lookout for new opportunities to expand our business and are willing to share our experience and our infrastructure for the trading of other products. If you are therefore looking for new markets for an established business and are in need of an experienced partner, &hellip;<\/p>\n","protected":false},"author":1,"featured_media":0,"parent":0,"menu_order":0,"comment_status":"closed","ping_status":"closed","template":"","meta":{"_genesis_hide_title":false,"_genesis_hide_breadcrumbs":false,"_genesis_hide_singular_image":false,"_genesis_hide_footer_widgets":false,"_genesis_custom_body_class":"","_genesis_custom_post_class":"","_genesis_layout":"","footnotes":""},"class_list":{"0":"post-22","1":"page","2":"type-page","3":"status-publish","5":"entry"},"_links":{"self":[{"href":"https:\/\/stratos-swiss.com\/company\/index.php\/wp-json\/wp\/v2\/pages\/22","targetHints":{"allow":["GET"]}}],"collection":[{"href":"https:\/\/stratos-swiss.com\/company\/index.php\/wp-json\/wp\/v2\/pages"}],"about":[{"href":"https:\/\/stratos-swiss.com\/company\/index.php\/wp-json\/wp\/v2\/types\/page"}],"author":[{"embeddable":true,"href":"https:\/\/stratos-swiss.com\/company\/index.php\/wp-json\/wp\/v2\/users\/1"}],"replies":[{"embeddable":true,"href":"https:\/\/stratos-swiss.com\/company\/index.php\/wp-json\/wp\/v2\/comments?post=22"}],"version-history":[{"count":16,"href":"https:\/\/stratos-swiss.com\/company\/index.php\/wp-json\/wp\/v2\/pages\/22\/revisions"}],"predecessor-version":[{"id":405,"href":"https:\/\/stratos-swiss.com\/company\/index.php\/wp-json\/wp\/v2\/pages\/22\/revisions\/405"}],"wp:attachment":[{"href":"https:\/\/stratos-swiss.com\/company\/index.php\/wp-json\/wp\/v2\/media?parent=22"}],"curies":[{"name":"wp","href":"https:\/\/api.w.org\/{rel}","templated":true}]}}