{"id":18,"date":"2019-04-14T07:19:02","date_gmt":"2019-04-14T07:19:02","guid":{"rendered":"http:\/\/stratos-swiss.com\/company\/?page_id=18"},"modified":"2025-06-16T09:37:34","modified_gmt":"2025-06-16T09:37:34","slug":"company","status":"publish","type":"page","link":"https:\/\/stratos-swiss.com\/company\/","title":{"rendered":"Company"},"content":{"rendered":"\n<h2 class=\"wp-block-heading\">Stratos Swiss GmbH<br><\/h2>\n\n\n\n<p>The purpose of the company is trade in goods, consultancy and provision of services in various fields. The Company may establish branches and subsidiaries both domestically and abroad, and participate in other domestic and foreign companies, as well as any business that is directly or indirectly related to its purpose. The Company may acquire, encumber, dispose of and administer real estate domestically and abroad. It may also make financing for its own or third-party account, as well as provide guarantees and guarantees to subsidiaries and third parties.<br>\n<a href=\"https:\/\/stratos-swiss.com\/company\/index.php\/ch-rep\/\">Furthermore, we offer the following services in the medical field.<\/a><\/p>\n\n<p>Der Zweck der Gesellschaft ist der Handel mit Waren, die Beratung und die Erbringung von Dienstleistungen in verschiedenen Bereichen. Die Gesellschaft kann Zweigniederlassungen und Tochtergesellschaften im In- und Ausland errichten und sich an anderen in- und ausl\u00e4ndischen Unternehmen beteiligen sowie alle Gesch\u00e4fte t\u00e4tigen, die direkt oder indirekt mit ihrem Zweck in Zusammenhang stehen. Die Gesellschaft kann im In- und Ausland Immobilien erwerben, belasten, ver\u00e4u\u00dfern und verwalten. Sie kann auch Finanzierungen f\u00fcr eigene oder fremde Rechnung vornehmen sowie B\u00fcrgschaften und B\u00fcrgschaften gegen\u00fcber Tochtergesellschaften und Dritten \u00fcbernehmen.<br>\n<a href=\"https:\/\/stratos-swiss.com\/company\/index.php\/ch-rep\/\">Des weiteren bieten wir folgende Dienstleistung im Medizinalbereich an.<\/a><\/p>\n\n<p>\u8be5\u516c\u53f8\u7684\u5b97\u65e8\u662f\u5728\u5404\u4e2a\u9886\u57df\u8fdb\u884c\u8d27\u7269\u8d38\u6613\u3001\u54a8\u8be2\u548c\u63d0\u4f9b\u670d\u52a1\u3002\u516c\u53f8\u53ef\u4ee5\u5728\u56fd\u5185\u5916\u8bbe\u7acb\u5206\u652f\u673a\u6784\u548c\u5b50\u516c\u53f8\uff0c\u4e5f\u53ef\u4ee5\u53c2\u4e0e\u5176\u4ed6\u56fd\u5185\u5916\u516c\u53f8\uff0c\u4ee5\u53ca\u4e0e\u5176\u76ee\u7684\u76f4\u63a5\u6216\u95f4\u63a5\u76f8\u5173\u7684\u4efb\u4f55\u4e1a\u52a1\u3002\u516c\u53f8\u53ef\u6536\u8d2d\u3001\u62b5\u62bc\u3001\u5904\u7f6e\u548c\u7ba1\u7406\u56fd\u5185\u5916\u623f\u5730\u4ea7\u3002\u5b83\u8fd8\u53ef\u4ee5\u4e3a\u81ea\u5df1\u6216\u7b2c\u4e09\u65b9\u8d26\u6237\u878d\u8d44\uff0c\u5e76\u5411\u5b50\u516c\u53f8\u548c\u7b2c\u4e09\u65b9\u63d0\u4f9b\u62c5\u4fdd\u548c\u62c5\u4fdd<br>\n<a href=\"https:\/\/stratos-swiss.com\/company\/index.php\/ch-rep\/\">\u6b64\u5916\uff0c\u6211\u4eec\u5728\u533b\u7597\u9886\u57df\u63d0\u4f9b\u4ee5\u4e0b\u670d\u52a1<\/a><\/p>\n\n\n\n<table>\n<tbody>\n<tr>\n<td><img loading=\"lazy\" decoding=\"async\" src=\"https:\/\/stratos-swiss.com\/company\/wp-content\/uploads\/2023\/09\/WhatsApp-QR-Code.png\" alt=\"WhatsApp QR Code\" width=\"290\" height=\"260\"&gt;<\/td>\n<td><img loading=\"lazy\" decoding=\"async\" class=\"wp-image-104\" src=\"https:\/\/stratos-swiss.com\/company\/wp-content\/uploads\/2023\/09\/Wechat-QR-Code-Stratos-Swiss-GmbH.png\" width=\"240\" height=\"220\"><\/td><td><img loading=\"lazy\" decoding=\"async\" class=\"wp-image-243\" src=\"https:\/\/stratos-swiss.com\/company\/wp-content\/uploads\/2023\/09\/Ding-Talk-QR-Code-Stratos-Swiss-GmbH.png\" width=\"230\" height=\"220\"&gt;<\/td>\n<tr><td><img loading=\"lazy\" decoding=\"async\" src=\"https:\/\/stratos-swiss.com\/company\/wp-content\/uploads\/2025\/06\/Logo-SCCC-Platzhalter.png\" alt=\"Logo Chinese Swiss Chamber of Commer\" width=\"290\" height=\"260\"&gt;<\/td><td><img loading=\"lazy\" decoding=\"async\" src=\"https:\/\/stratos-swiss.com\/company\/wp-content\/uploads\/2025\/06\/Logo-SCCC.png\" alt=\"Logo Chinese Swiss Chamber of Commer\" width=\"290\" height=\"260\"&gt;<\/td><\/tr>\n<\/tr>\n<\/tbody>\n<\/table>\n","protected":false},"excerpt":{"rendered":"<p>Stratos Swiss GmbH The purpose of the company is trade in goods, consultancy and provision of services in various fields. The Company may establish branches and subsidiaries both domestically and abroad, and participate in other domestic and foreign companies, as well as any business that is directly or indirectly related to its purpose. The Company &hellip;<\/p>\n","protected":false},"author":1,"featured_media":0,"parent":0,"menu_order":0,"comment_status":"closed","ping_status":"closed","template":"","meta":{"_genesis_hide_title":false,"_genesis_hide_breadcrumbs":false,"_genesis_hide_singular_image":false,"_genesis_hide_footer_widgets":false,"_genesis_custom_body_class":"","_genesis_custom_post_class":"","_genesis_layout":"md-content","footnotes":""},"class_list":{"0":"post-18","1":"page","2":"type-page","3":"status-publish","5":"entry"},"_links":{"self":[{"href":"https:\/\/stratos-swiss.com\/company\/index.php\/wp-json\/wp\/v2\/pages\/18","targetHints":{"allow":["GET"]}}],"collection":[{"href":"https:\/\/stratos-swiss.com\/company\/index.php\/wp-json\/wp\/v2\/pages"}],"about":[{"href":"https:\/\/stratos-swiss.com\/company\/index.php\/wp-json\/wp\/v2\/types\/page"}],"author":[{"embeddable":true,"href":"https:\/\/stratos-swiss.com\/company\/index.php\/wp-json\/wp\/v2\/users\/1"}],"replies":[{"embeddable":true,"href":"https:\/\/stratos-swiss.com\/company\/index.php\/wp-json\/wp\/v2\/comments?post=18"}],"version-history":[{"count":43,"href":"https:\/\/stratos-swiss.com\/company\/index.php\/wp-json\/wp\/v2\/pages\/18\/revisions"}],"predecessor-version":[{"id":501,"href":"https:\/\/stratos-swiss.com\/company\/index.php\/wp-json\/wp\/v2\/pages\/18\/revisions\/501"}],"wp:attachment":[{"href":"https:\/\/stratos-swiss.com\/company\/index.php\/wp-json\/wp\/v2\/media?parent=18"}],"curies":[{"name":"wp","href":"https:\/\/api.w.org\/{rel}","templated":true}]}}